inder when y is divided by o?
22
Let j = 103 + -38. Suppose 3*a = -0*a + 96. Suppose -a - 37 = -3*q. What is the remainder when j is divided by q?
19
Let d(x) = 70*x**3 - 2*x**2 - 67*x + 141. What is the remainder when 1162 is divided by d(2)?
44
Let n(j) = j**3 + 11*j**2 + 22*j - 11. Suppose 0 = -5*y + 4*h - 29 - 9, 5*h = -2*y - 2. What is the remainder when 219 is divided by n(y)?
34
Let k = 3533 - 3509. Calculate the remainder when 82 is divided by k.
10
Let k(c) = 6*c**3 + c**2 - 1. Let j be k(1). Suppose 78*n = 81*n + 516. Calculate the remainder when (-1 - n/j)/((-28)/(-84)) is divided by 22.
17
Let f(m) = m**3 + 17*m**2 + 22*m - 25. Let p be f(-10). Suppose 471*b - 1488 = p*b. Calculate the remainder when 285 is divided by b.
6
Suppose -16*f = 5*w - 19*f - 252, -13*f = 5*w - 188. What is the remainder when 1964 is divided by w?
44
Let w = 553 + -325. Suppose 5*k = 4*i + 605 - 444, 0 = -4*k + i + 131. What is the remainder when w is divided by k?
30
Let a(j) = -j + 178. Let g(y) = 14*y - 57. Let f be g(5). Calculate the remainder when a(f) is divided by 24.
21
Let d(f) = f**3 + f**2 - 2*f + 5. Let k be d(-4). Let r = k - -40. Calculate the remainder when 49 is divided by r.
4
Calculate the remainder when (4 - 11*-100) + (-4 - 3) is divided by 50.
47
Let p(i) = -7*i. Let k be p(-4). Let g = -49 + k. What is the remainder when 40 is divided by (-117)/g + -2*(-3)/14?
4
Let l = -31 - -44. Let w be (-3)/(-2)*((-9)/(-9) - 3)/3. What is the remainder when (3 + (-2 - w))*l is divided by 8?
2
Let w(c) = 149*c**2 + 258*c - 162. Calculate the remainder when w(11) is divided by 174.
173
Let x = 10 + 10. Let j = -258 + 535. Suppose 4*s = j + 31. Calculate the remainder when s is divided by x.
17
Let f(k) = -k**2 + 14*k - 5. Let d(x) = 5*x + 21. Let o be d(5). Suppose -5*i + 19 = -o. What is the remainder when 31 is divided by f(i)?
7
What is the remainder when (-10)/90 - (-1099150)/225 is divided by 9?
7
Let i = 757 + -488. Let r = -263 + i. What is the remainder when 63 is divided by r?
3
Let r(q) = q + 32. Let s be r(-6). Let t be ((-3)/(-2))/((-42)/(-1988)). Let c = t - s. Calculate the remainder when c is divided by 16.
13
Let m(s) = s**2 - 5*s + 6. Let l be 2*(-12)/(-3) - 2. Let q(u) = -u**3 + 31*u**2 + 42. Calculate the remainder when q(31) is divided by m(l).
6
Suppose -q + 4*q + 2*m = 132, 5*m = 5*q - 220. What is the remainder when 6334 is divided by q?
42
Let o(b) = b**3 + 5*b**2 + 4*b. Let h be o(-4). Suppose -3*x + 34 + 2 = h. What is the remainder when (-2)/((-11)/(1694/14)) is divided by x?
10
Let s(w) = -3*w**3 - 2*w**2 + 7*w - 1. Let q be s(-6). Suppose 10*d - 227 = q. What is the remainder when d is divided by 31?
14
Let p(b) = b**2 - 7*b - 1. Let m be p(6). Let h = 30 + m. Suppose -3*c + 196 = -5*o, 3*o + 402 - 70 = 5*c. Calculate the remainder when c is divided by h.
21
Let l = -32990 - -33011. Calculate the remainder when 1938 is divided by l.
6
Suppose -2*h - h + 12 = 0. Suppose 0 = -h*j + 5*j - 4*g - 7, 0 = -g - 1. Calculate the remainder when ((-47541)/(-742) - 64) + 530/28 is divided by j.
1
Let a(f) = 17*f**2 + 8*f + 17. Let v be a(-7). Let w = -776 + v. Let i = 716 + -485. Calculate the remainder when i is divided by w.
15
Let x(k) = -k**3 - k + 24. Suppose 16*w = -31*w + 329. What is the remainder when x(0) is divided by w?
3
Let i(r) = 3*r**3 - 20*r**2 - 29*r + 137. What is the remainder when i(9) is divided by 71?
17
Suppose 70*d = -14494 + 348954. What is the remainder when d is divided by 55?
48
Suppose r - 17 = -4*y, 0 = 5*r - 0*r - 5. Suppose 0 = -y*p + 769 - 729. What is the remainder when p is divided by 6?
4
Let q = 12293 + -12169. What is the remainder when 269 is divided by q?
21
Suppose 31*l - 58*l = 0. Suppose 6*g = -t + 3*g + 73, l = -2*t + 5*g + 201. Calculate the remainder when 152 is divided by t.
64
Let a(d) = -d**3 - 10*d**2 + 15*d + 284. Calculate the remainder when 1195 is divided by a(-12).
19
Let w be -8*2/(-6) + (-48)/72. Let l be 213/12 - w/(-8). Suppose z - 2 = l. Calculate the remainder when 73 is divided by z.
13
Let q = 243 - -93. Suppose 2*m - 3*r = -0*r - q, -4*m - 672 = -5*r. Let c = -115 - m. Calculate the remainder when c is divided by 27.
26
Let n be -1 + (-1*60)/(-4). Suppose d - 8 - n = 0. Let g = -56 - -64. What is the remainder when d is divided by g?
6
Suppose -d = -12*d - 836. Let g = 85 + d. What is the remainder when 413 is divided by g?
8
Let u = -18 + 21. Suppose -k - b = -2*b - 104, -560 = -5*k - u*b. Calculate the remainder when k is divided by 28.
25
Suppose 5*v + 60 - 225 = 5*i, -i + 152 = 4*v. Calculate the remainder when 10395 is divided by v.
35
Let q(b) = 40*b**3 + 13*b**2 - 3*b - 9. What is the remainder when q(1) is divided by (-26)/(-2) + 0 + 3?
9
Suppose 33 = 2*u + 3*b, 0 = -3*u + u + 4*b + 12. Let f be (2 - (2 - -3))/(3/(-2)). Suppose -53 = -f*j + 41. Calculate the remainder when j is divided by u.
11
Let n(h) = h + 38. Let r be n(11). Suppose -3*m + r = -113. What is the remainder when m is divided by (-2)/28*-4 + (-192)/(-14)?
12
Let g be 3 + 0/6 - -3. What is the remainder when 26 is divided by (36/(-15))/(g/(-15))?
2
Let m(t) = -15*t**2 + 157*t + 9. What is the remainder when m(7) is divided by 132?
109
Let c = -10 - -26. Let y = 497 - 276. Suppose 47 = b - d, -2*b + y = 3*b + 2*d. What is the remainder when b is divided by c?
13
Let i(h) = -29*h - 110. What is the remainder when i(-8) is divided by 109?
13
What is the remainder when 331 is divided by -103*(3/2)/((-8)/32*6)?
22
Let o = -35161 - -35178. Calculate the remainder when 716 is divided by o.
2
Let n(y) = y**2 + 59*y - 294. Let p be n(-49). Let m = -707 - p. Calculate the remainder when m is divided by 19.
1
Suppose 5*v + y + 3*y + 10 = 0, -2*v + y = 17. What is the remainder when 6 + -4 - (1 + -123) is divided by (-190)/v + (-6)/(-18)?
28
Let o be (-2)/(-7) - (-1235)/(-35). Let f = 81 + o. What is the remainder when f is divided by 12?
10
Let l be 5*(48/(-28))/(2/14). Let p be -2 - (l + -1 + 2). Suppose -2*a = -p + 1. What is the remainder when 83 is divided by a?
27
Let q(j) = 15 - j**2 + 19 - 10*j - 3*j. Let w be q(-15). Suppose -w*z + 184 = 48. Calculate the remainder when 235 is divided by z.
31
Let w be -3*((-70650)/(-27))/(-10). Let j = w + -663. What is the remainder when j is divided by 31?
29
Let q = 3315 - 3285. What is the remainder when 502 is divided by q?
22
Let m = 1272 - 687. Suppose m = 9*q - 0*q. What is the remainder when q is divided by 9/2*198/27?
32
Suppose 0 = 29*k + 60044 - 67845. Let b(s) = 9*s**2 + 4*s - 1. What is the remainder when k is divided by b(-3)?
65
Suppose 0 = -276*f + 30642 - 25543 + 286633. What is the remainder when f is divided by 97?
87
Calculate the remainder when 918 is divided by (-2)/3 + ((-18640)/(-30))/2.
298
Let z(j) = 2*j**3 - 45*j**2 + 19*j + 68. Let k be z(22). Suppose 3*l - 289 = -k*p + 367, 3*p - 214 = -l. What is the remainder when l is divided by 17?
16
Let l(s) = 24*s**2 - 3*s + 3. Let q be (-15)/30*(-2 + -1 + 1). What is the remainder when 67 is divided by l(q)?
19
Suppose -156*f + 550*f = 193060. What is the remainder when f is divided by 150?
40
Let u be (-2)/3*105/14. Let o be (2/u - 0)*20. Calculate the remainder when (o/16)/((-1)/134) is divided by 14.
11
Let n(h) = -h**3 + 5*h**2 - 2*h - 8. Let f be n(4). Suppose f*q + 760 = 5*q. What is the remainder when q is divided by 52?
48
Suppose 118*r - 20 = 113*r. Suppose 18*k + r*k = 506. What is the remainder when (-518)/(-8) + (-1)/(-4) is divided by k?
19
Suppose 15 = i - 0. Let a = -201 + 204. Suppose -c - 15 + 27 = a*z, 0 = 5*z - 15. Calculate the remainder when i is divided by c.
0
Calculate the remainder when (-1 - 16) + 2 - -978 is divided by 176.
83
What is the remainder when 1597*1/4 - (-27)/(3132/(-29)) is divided by 145?
109
Let i = -338 - -343. Suppose -3*u = 5*m - 477, -78 = -4*u + i*m + 523. Calculate the remainder when u is divided by 44.
22
Let i(f) = 128*f + 1871. Calculate the remainder when 263 is divided by i(-14).
26
What is the remainder when 8524 is divided by (-196*(-16)/(512/24))/1?
145
Let z = -12659 + 13276. What is the remainder when z is divided by 24?
17
Suppose -1734 - 1524 = -3*x. Calculate the remainder when x is divided by 10.
6
Let m(v) be the first derivat